t common factor of 1300 and 3100.
100
What is the highest common divisor of 294 and 336?
42
What is the greatest common factor of 2688 and 140?
28
Calculate the greatest common factor of 99 and 66.
33
Calculate the highest common divisor of 477 and 486.
9
What is the greatest common divisor of 123 and 410?
41
Calculate the highest common divisor of 8334 and 18.
18
What is the greatest common factor of 10 and 55?
5
Calculate the greatest common factor of 375 and 45.
15
Calculate the greatest common divisor of 90 and 510.
30
Calculate the highest common divisor of 296 and 8.
8
Calculate the greatest common divisor of 988 and 2756.
52
Calculate the highest common divisor of 110 and 22.
22
What is the greatest common factor of 38 and 475?
19
Calculate the highest common factor of 2960 and 100.
20
What is the greatest common divisor of 558 and 62?
62
Calculate the greatest common factor of 3219 and 222.
111
Calculate the greatest common factor of 32340 and 165.
165
Calculate the greatest common divisor of 42 and 105.
21
Calculate the highest common factor of 10 and 104.
2
What is the greatest common divisor of 456 and 32?
8
What is the greatest common factor of 825 and 30?
15
Calculate the highest common divisor of 4784 and 460.
92
What is the greatest common divisor of 9185 and 55?
55
Calculate the greatest common divisor of 180 and 36.
36
Calculate the greatest common divisor of 5 and 95.
5
Calculate the highest common factor of 10 and 575.
5
What is the greatest common divisor of 28 and 686?
14
Calculate the greatest common divisor of 138 and 1679.
23
What is the highest common factor of 91 and 52?
13
Calculate the highest common factor of 110 and 297.
11
What is the greatest common factor of 37 and 851?
37
What is the highest common factor of 399 and 1372?
7
What is the highest common factor of 57 and 9?
3
Calculate the highest common divisor of 576 and 1116.
36
What is the greatest common divisor of 18 and 342?
18
Calculate the highest common divisor of 14381 and 197.
197
Calculate the highest common divisor of 102 and 102.
102
What is the highest common factor of 138 and 46?
46
What is the greatest common divisor of 2941 and 34?
17
Calculate the highest common divisor of 108 and 74952.
108
What is the greatest common factor of 22 and 154?
22
What is the highest common factor of 2174 and 4?
2
Calculate the highest common divisor of 180 and 576.
36
Calculate the greatest common factor of 48 and 432.
48
What is the greatest common divisor of 169 and 104?
13
What is the greatest common factor of 2422 and 98?
14
What is the greatest common factor of 2519 and 3435?
229
What is the highest common factor of 21 and 3920?
7
What is the highest common factor of 63 and 9?
9
Calculate the greatest common divisor of 116 and 5684.
116
Calculate the greatest common divisor of 3818 and 332.
166
What is the greatest common divisor of 41 and 1927?
41
Calculate the highest common factor of 38 and 1539.
19
Calculate the highest common divisor of 286 and 338.
26
Calculate the greatest common factor of 24 and 11028.
12
What is the greatest common factor of 225 and 45?
45
What is the greatest common divisor of 26 and 1742?
26
Calculate the greatest common factor of 126 and 105.
21
Calculate the greatest common factor of 99 and 576.
9
What is the highest common divisor of 702 and 13?
13
Calculate the greatest common factor of 22 and 8371.
11
Calculate the highest common factor of 52 and 1534.
26
Calculate the greatest common factor of 3075 and 1107.
123
Calculate the greatest common divisor of 126 and 3150.
126
What is the greatest common divisor of 1010 and 10?
10
Calculate the highest common factor of 1015 and 2730.
35
Calculate the greatest common factor of 639 and 36.
9
Calculate the greatest common factor of 95 and 3173.
19
What is the highest common factor of 5547 and 2193?
129
What is the greatest common divisor of 215 and 41065?
215
What is the greatest common divisor of 4 and 29?
1
Calculate the greatest common factor of 19 and 323.
19
What is the greatest common factor of 99 and 4851?
99
Calculate the greatest common divisor of 2 and 94.
2
Calculate the greatest common factor of 36 and 342.
18
What is the greatest common factor of 48 and 16464?
48
What is the greatest common factor of 111 and 259?
37
Calculate the highest common factor of 603 and 81.
9
What is the highest common divisor of 392 and 64?
8
What is the greatest common divisor of 34 and 1377?
17
What is the greatest common factor of 581 and 7?
7
What is the greatest common divisor of 9982 and 92?
46
What is the highest common factor of 108 and 3654?
18
What is the greatest common divisor of 26 and 442?
26
Calculate the highest common factor of 60 and 132.
12
What is the highest common factor of 399 and 152?
19
Calculate the highest common divisor of 297 and 12.
3
What is the highest common divisor of 26005 and 35?
35
Calculate the greatest common divisor of 48 and 376.
8
What is the greatest common factor of 310 and 5828?
62
What is the highest common factor of 117 and 3354?
39
What is the highest common divisor of 40 and 180?
20
Calculate the highest common factor of 45 and 855.
45
Calculate the greatest common factor of 102 and 782.
34
What is the greatest common divisor of 9 and 24?
3
Calculate the highest common divisor of 225 and 150.
75
Calculate the highest common factor of 25 and 295.
5
What is the greatest common factor of 23 and 14?
1
What is the greatest common factor of 12 and 16?
4
Calculate the greatest common divisor of 33 and 66.
33
Calculate the greatest common factor of 79 and 869.
79
What is the highest common divisor of 13 and 1157?
13
Calculate the greatest common factor of 882 and 21.
21
What is the highest common factor of 3186 and 81?
27
What is the greatest common factor of 144 and 32?
16
Calculate the highest common factor of 2 and 80.
2
What is the highest common divisor of 52 and 247?
13
Calculate the highest common factor of 1507 and 11.
11
What is the greatest common divisor of 57 and 456?
57
What is the greatest common divisor of 24 and 6396?
12
What is the highest common divisor of 198 and 18?
18
Calculate the greatest common factor of 2409 and 44.
11
What is the highest common divisor of 66 and 143?
11
What is the highest common factor of 2146 and 58?
58
Calculate the greatest common divisor of 55 and 880.
55
Calculate the greatest common divisor of 16 and 964.
4
Calculate the greatest common factor of 171 and 12141.
171
What is the highest common divisor of 1577 and 38?
19
Calculate the highest common divisor of 4668 and 12.
12
What is the highest common factor of 22 and 38555?
11
Calculate the highest common factor of 135 and 2160.
135
Calculate the highest common divisor of 837 and 31.
31
What is the greatest common divisor of 56 and 49?
7
Calculate the highest common factor of 200 and 3160.
40
Calculate the greatest common factor of 7 and 721.
7
What is the highest common factor of 4 and 12?
4
What is the greatest common factor of 365 and 1095?
365
Calculate the highest common divisor of 140 and 160.
20
What is the greatest common divisor of 212 and 477?
53
What is the highest common divisor of 2 and 578?
2
What is the greatest common divisor of 165 and 220?
55
Calculate the highest common divisor of 9800 and 168.
56
Calculate the greatest common factor of 98 and 126.
14
What is the greatest common factor of 2208 and 96?
96
Calculate the greatest common factor of 1376 and 2236.
172
What is the greatest common divisor of 7310 and 170?
170
Calculate the highest common factor of 23 and 3013.
23
What is the greatest common divisor of 1664 and 26?
26
What is the highest common factor of 560 and 440?
40
Calculate the greatest common factor of 13 and 299.
13
What is the highest common factor of 98 and 56?
14
What is the highest common factor of 924 and 231?
231
What is the highest common factor of 6080 and 8?
8
What is the greatest common divisor of 3475 and 25?
25
Calculate the highest common factor of 774 and 18.
18
What is the highest common divisor of 51 and 918?
51
What is the highest common divisor of 480 and 30?
30
Calculate the greatest common divisor of 13073 and 68.
17
What is the greatest common divisor of 507 and 26?
13
What is the greatest common f